{"id":114,"date":"2023-08-23T20:53:19","date_gmt":"2023-08-23T18:53:19","guid":{"rendered":"https:\/\/yellotab.se\/p1\/?page_id=114"},"modified":"2023-10-16T20:28:38","modified_gmt":"2023-10-16T18:28:38","slug":"odla-i-stan","status":"publish","type":"page","link":"https:\/\/yellotab.se\/p1\/odla-i-stan\/","title":{"rendered":"Odla i stan"},"content":{"rendered":"\n<div class=\"wp-block-columns is-layout-flex wp-container-core-columns-is-layout-28f84493 wp-block-columns-is-layout-flex\">\n<div class=\"wp-block-column is-layout-flow wp-block-column-is-layout-flow\" style=\"flex-basis:66.66%\">\n<h2 class=\"wp-block-heading\"><strong>Odla i Stan<\/strong> \u00e4r en pionj\u00e4r inom urbant jordbruk. Deras goda honung odlas till exempel i Malm\u00f6<\/h2>\n<\/div>\n\n\n\n<div class=\"wp-block-column is-layout-flow wp-block-column-is-layout-flow\" style=\"flex-basis:33.33%\">\n<figure class=\"wp-block-image tb-image tb-image-dynamic tb-image-frame-polaroid\" data-toolset-blocks-image=\"95d41706b12d7a5250f3c0a632d19b33\"><div class=\"tb-image-polaroid\"><div class=\"tb-image-polaroid-inner\"><img decoding=\"async\" loading=\"lazy\" src=\"https:\/\/s3.eu-north-1.amazonaws.com\/yellotab.se\/wp-content\/uploads\/sites\/65\/2023\/08\/23205256\/2023-08-23-08.43.05-pm.png\" alt=\"\" class=\"\"\/><\/div><\/div><figcaption><div class=\"tb-image-caption\">G\u00f6ran biodlare<\/div><\/figcaption><\/figure>\n<\/div>\n<\/div>\n\n\n\n<hr class=\"wp-block-separator has-alpha-channel-opacity is-style-dots\"\/>\n\n\n\n<div class=\"wp-block-query is-layout-flow wp-block-query-is-layout-flow\"><ul class=\"wp-block-post-template is-layout-flow wp-block-post-template-is-layout-flow\"><li class=\"wp-block-post post-119 post type-post status-publish format-standard has-post-thumbnail hentry category-kluster-malmo tag-odla-i-stan\">\n\n<div class=\"wp-block-columns are-vertically-aligned-center is-layout-flex wp-container-core-columns-is-layout-28f84493 wp-block-columns-is-layout-flex\">\n<div class=\"wp-block-column is-vertically-aligned-center is-layout-flow wp-block-column-is-layout-flow\" style=\"flex-basis:25%\"><figure class=\"wp-block-post-featured-image\"><a href=\"https:\/\/yellotab.se\/p1\/2023\/08\/23\/honung-fran-malmos-tak\/\" target=\"_self\"  ><img loading=\"lazy\" decoding=\"async\" width=\"1920\" height=\"2560\" src=\"https:\/\/s3.eu-north-1.amazonaws.com\/yellotab.se\/wp-content\/uploads\/sites\/65\/2023\/08\/23210023\/IMG_1328-scaled.jpg\" class=\"attachment-post-thumbnail size-post-thumbnail wp-post-image\" alt=\"Honung fr\u00e5n Malm\u00f6s tak\" style=\"object-fit:cover;\" srcset=\"https:\/\/s3.eu-north-1.amazonaws.com\/yellotab.se\/wp-content\/uploads\/sites\/65\/2023\/08\/23210023\/IMG_1328-scaled.jpg 1920w, https:\/\/s3.eu-north-1.amazonaws.com\/yellotab.se\/wp-content\/uploads\/sites\/65\/2023\/08\/23210023\/IMG_1328-225x300.jpg 225w, https:\/\/s3.eu-north-1.amazonaws.com\/yellotab.se\/wp-content\/uploads\/sites\/65\/2023\/08\/23210023\/IMG_1328-768x1024.jpg 768w, https:\/\/s3.eu-north-1.amazonaws.com\/yellotab.se\/wp-content\/uploads\/sites\/65\/2023\/08\/23210023\/IMG_1328-1152x1536.jpg 1152w, https:\/\/s3.eu-north-1.amazonaws.com\/yellotab.se\/wp-content\/uploads\/sites\/65\/2023\/08\/23210023\/IMG_1328-1536x2048.jpg 1536w\" sizes=\"auto, (max-width: 1920px) 100vw, 1920px\" \/><\/a><\/figure><\/div>\n\n\n\n<div class=\"wp-block-column is-vertically-aligned-center is-layout-flow wp-block-column-is-layout-flow\" style=\"flex-basis:75%\"><h2 class=\"wp-block-post-title\"><a href=\"https:\/\/yellotab.se\/p1\/2023\/08\/23\/honung-fran-malmos-tak\/\" target=\"_self\" >Honung fr\u00e5n Malm\u00f6s tak<\/a><\/h2><\/div>\n<\/div>\n\n<\/li><\/ul><\/div>\n","protected":false},"excerpt":{"rendered":"<p>Odla i Stan \u00e4r en pionj\u00e4r inom urbant jordbruk. Deras goda honung odlas till exempel i Malm\u00f6<\/p>\n","protected":false},"author":3,"featured_media":0,"parent":0,"menu_order":0,"comment_status":"closed","ping_status":"closed","template":"","meta":{"footnotes":""},"class_list":["post-114","page","type-page","status-publish","hentry"],"jetpack_sharing_enabled":true,"_links":{"self":[{"href":"https:\/\/yellotab.se\/p1\/wp-json\/wp\/v2\/pages\/114","targetHints":{"allow":["GET"]}}],"collection":[{"href":"https:\/\/yellotab.se\/p1\/wp-json\/wp\/v2\/pages"}],"about":[{"href":"https:\/\/yellotab.se\/p1\/wp-json\/wp\/v2\/types\/page"}],"author":[{"embeddable":true,"href":"https:\/\/yellotab.se\/p1\/wp-json\/wp\/v2\/users\/3"}],"replies":[{"embeddable":true,"href":"https:\/\/yellotab.se\/p1\/wp-json\/wp\/v2\/comments?post=114"}],"version-history":[{"count":4,"href":"https:\/\/yellotab.se\/p1\/wp-json\/wp\/v2\/pages\/114\/revisions"}],"predecessor-version":[{"id":179,"href":"https:\/\/yellotab.se\/p1\/wp-json\/wp\/v2\/pages\/114\/revisions\/179"}],"wp:attachment":[{"href":"https:\/\/yellotab.se\/p1\/wp-json\/wp\/v2\/media?parent=114"}],"curies":[{"name":"wp","href":"https:\/\/api.w.org\/{rel}","templated":true}]}}