{"id":157,"date":"2023-10-16T18:38:03","date_gmt":"2023-10-16T16:38:03","guid":{"rendered":"https:\/\/yellotab.se\/p1\/?page_id=157"},"modified":"2023-10-17T11:54:10","modified_gmt":"2023-10-17T09:54:10","slug":"bjorkhimlen-lab","status":"publish","type":"page","link":"https:\/\/yellotab.se\/p1\/bjorkhimlen-lab\/","title":{"rendered":"Bj\u00f6rkhimlen Labb"},"content":{"rendered":"\n<p><span style=\"box-sizing: border-box; border: 0px; font-family: inter, -apple-system, system-ui, blinkmacsystemfont, &quot;Segoe UI&quot;, Roboto, Oxygen-Sans, Ubuntu, Cantarell, &quot;Helvetica Neue&quot;, sans-serif; font-weight: 700; margin: 0px; outline: 0px; padding: 0px; vertical-align: baseline; color: rgb(0, 16, 28); font-size: 16px; white-space: normal;\">F\u00f6rbest\u00e4llning<\/span><span style=\"color: rgb(0, 16, 28); font-family: inter, -apple-system, system-ui, blinkmacsystemfont, &quot;Segoe UI&quot;, Roboto, Oxygen-Sans, Ubuntu, Cantarell, &quot;Helvetica Neue&quot;, sans-serif; font-size: 16px; white-space: normal;\">: Lars Lindmark <\/span>Kundtj\u00e4nst\u00a0<a href=\"tel:+460108844822\">+46 (0)10 884 48 22<\/a><br><span style=\"box-sizing: border-box; border: 0px; font-family: inter, -apple-system, system-ui, blinkmacsystemfont, &quot;Segoe UI&quot;, Roboto, Oxygen-Sans, Ubuntu, Cantarell, &quot;Helvetica Neue&quot;, sans-serif; font-weight: 700; margin: 0px; outline: 0px; padding: 0px; vertical-align: baseline; color: rgb(0, 16, 28); font-size: 16px; white-space: normal;\">Utl\u00e4mningsst\u00e4lle:<\/span><span style=\"color: rgb(0, 16, 28); font-family: inter, -apple-system, system-ui, blinkmacsystemfont, &quot;Segoe UI&quot;, Roboto, Oxygen-Sans, Ubuntu, Cantarell, &quot;Helvetica Neue&quot;, sans-serif; font-size: 16px; white-space: normal;\">\u00a0Lokstallarna | Bj\u00f6rkhimlen \u00c5karp<\/span><br><span style=\"box-sizing: border-box; border: 0px; font-family: inter, -apple-system, system-ui, blinkmacsystemfont, &quot;Segoe UI&quot;, Roboto, Oxygen-Sans, Ubuntu, Cantarell, &quot;Helvetica Neue&quot;, sans-serif; font-weight: 700; margin: 0px; outline: 0px; padding: 0px; vertical-align: baseline; color: rgb(0, 16, 28); font-size: 16px; white-space: normal;\">Marknadsdagar:<\/span><span style=\"color: rgb(0, 16, 28); font-family: inter, -apple-system, system-ui, blinkmacsystemfont, &quot;Segoe UI&quot;, Roboto, Oxygen-Sans, Ubuntu, Cantarell, &quot;Helvetica Neue&quot;, sans-serif; font-size: 16px; white-space: normal;\">\u00a0<\/span><s style=\"box-sizing: border-box; border: 0px; font-family: inter, -apple-system, system-ui, blinkmacsystemfont, &quot;Segoe UI&quot;, Roboto, Oxygen-Sans, Ubuntu, Cantarell, &quot;Helvetica Neue&quot;, sans-serif; margin: 0px; outline: 0px; padding: 0px; vertical-align: baseline; color: var(--p2-color-text-light); font-size: 16px; white-space: normal;\">1\/10<\/s><span style=\"color: rgb(0, 16, 28); font-family: inter, -apple-system, system-ui, blinkmacsystemfont, &quot;Segoe UI&quot;, Roboto, Oxygen-Sans, Ubuntu, Cantarell, &quot;Helvetica Neue&quot;, sans-serif; font-size: 16px; white-space: normal;\">\u00a0|\u00a0<\/span><s style=\"box-sizing: border-box; border: 0px; font-family: inter, -apple-system, system-ui, blinkmacsystemfont, &quot;Segoe UI&quot;, Roboto, Oxygen-Sans, Ubuntu, Cantarell, &quot;Helvetica Neue&quot;, sans-serif; margin: 0px; outline: 0px; padding: 0px; vertical-align: baseline; color: var(--p2-color-text-light); font-size: 16px; white-space: normal;\">8\/10<\/s><span style=\"color: rgb(0, 16, 28); font-family: inter, -apple-system, system-ui, blinkmacsystemfont, &quot;Segoe UI&quot;, Roboto, Oxygen-Sans, Ubuntu, Cantarell, &quot;Helvetica Neue&quot;, sans-serif; font-size: 16px; white-space: normal;\">\u00a0|<\/span><br><span style=\"box-sizing: border-box; border: 0px; font-family: inter, -apple-system, system-ui, blinkmacsystemfont, &quot;Segoe UI&quot;, Roboto, Oxygen-Sans, Ubuntu, Cantarell, &quot;Helvetica Neue&quot;, sans-serif; font-weight: 700; margin: 0px; outline: 0px; padding: 0px; vertical-align: baseline; color: rgb(0, 16, 28); font-size: 16px; white-space: normal;\">Transports\u00e4tt:\u00a0<\/span><span style=\"color: rgb(0, 16, 28); font-family: inter, -apple-system, system-ui, blinkmacsystemfont, &quot;Segoe UI&quot;, Roboto, Oxygen-Sans, Ubuntu, Cantarell, &quot;Helvetica Neue&quot;, sans-serif; font-size: 16px; white-space: normal;\">Elektrisk Cargobike |\u00a0<\/span><span style=\"box-sizing: border-box; border: 0px; font-family: inter, -apple-system, system-ui, blinkmacsystemfont, &quot;Segoe UI&quot;, Roboto, Oxygen-Sans, Ubuntu, Cantarell, &quot;Helvetica Neue&quot;, sans-serif; font-weight: 700; margin: 0px; outline: 0px; padding: 0px; vertical-align: baseline; color: rgb(0, 16, 28); font-size: 16px; white-space: normal;\">Energislag<\/span><span style=\"color: rgb(0, 16, 28); font-family: inter, -apple-system, system-ui, blinkmacsystemfont, &quot;Segoe UI&quot;, Roboto, Oxygen-Sans, Ubuntu, Cantarell, &quot;Helvetica Neue&quot;, sans-serif; font-size: 16px; white-space: normal;\">\u00a0: prim\u00e4r Solel DVDC | sekund\u00e4r Solel Eon<\/span><\/p>\n\n\n\n<hr class=\"wp-block-separator has-alpha-channel-opacity is-style-dots\"\/>\n","protected":false},"excerpt":{"rendered":"<p>F\u00f6rbest\u00e4llning: Lars Lindmark Kundtj\u00e4nst\u00a0+46 (0)10 884 48 22Utl\u00e4mningsst\u00e4lle:\u00a0Lokstallarna | Bj\u00f6rkhimlen \u00c5karpMarknadsdagar:\u00a01\/10\u00a0|\u00a08\/10\u00a0|Transports\u00e4tt:\u00a0Elektrisk Cargobike |\u00a0Energislag\u00a0: prim\u00e4r Solel DVDC | sekund\u00e4r Solel Eon<\/p>\n","protected":false},"author":3,"featured_media":195,"parent":0,"menu_order":0,"comment_status":"closed","ping_status":"closed","template":"","meta":{"footnotes":""},"class_list":["post-157","page","type-page","status-publish","has-post-thumbnail","hentry"],"jetpack_sharing_enabled":true,"_links":{"self":[{"href":"https:\/\/yellotab.se\/p1\/wp-json\/wp\/v2\/pages\/157","targetHints":{"allow":["GET"]}}],"collection":[{"href":"https:\/\/yellotab.se\/p1\/wp-json\/wp\/v2\/pages"}],"about":[{"href":"https:\/\/yellotab.se\/p1\/wp-json\/wp\/v2\/types\/page"}],"author":[{"embeddable":true,"href":"https:\/\/yellotab.se\/p1\/wp-json\/wp\/v2\/users\/3"}],"replies":[{"embeddable":true,"href":"https:\/\/yellotab.se\/p1\/wp-json\/wp\/v2\/comments?post=157"}],"version-history":[{"count":3,"href":"https:\/\/yellotab.se\/p1\/wp-json\/wp\/v2\/pages\/157\/revisions"}],"predecessor-version":[{"id":198,"href":"https:\/\/yellotab.se\/p1\/wp-json\/wp\/v2\/pages\/157\/revisions\/198"}],"wp:featuredmedia":[{"embeddable":true,"href":"https:\/\/yellotab.se\/p1\/wp-json\/wp\/v2\/media\/195"}],"wp:attachment":[{"href":"https:\/\/yellotab.se\/p1\/wp-json\/wp\/v2\/media?parent=157"}],"curies":[{"name":"wp","href":"https:\/\/api.w.org\/{rel}","templated":true}]}}