{"id":63,"date":"2022-07-10T15:17:02","date_gmt":"2022-07-10T13:17:02","guid":{"rendered":"https:\/\/yellotab.se\/planb\/?page_id=63"},"modified":"2022-07-10T15:17:03","modified_gmt":"2022-07-10T13:17:03","slug":"ratt-att-svara","status":"publish","type":"page","link":"https:\/\/yellotab.se\/planb\/ratt-att-svara\/","title":{"rendered":"R\u00e4tt att svara"},"content":{"rendered":"\n<p>Responsability, dvs ansvar inneb\u00e4r r\u00e4tten att svara p\u00e5 fr\u00e5gor och uttala sig.<\/p>\n\n\n\n<h2 class=\"wp-block-heading\">Yttrandefrihet<\/h2>\n","protected":false},"excerpt":{"rendered":"<p>Responsability, dvs ansvar inneb\u00e4r r\u00e4tten att svara p\u00e5 fr\u00e5gor och uttala sig. Yttrandefrihet<\/p>\n","protected":false},"author":3,"featured_media":0,"parent":0,"menu_order":0,"comment_status":"closed","ping_status":"closed","template":"","meta":{"footnotes":""},"class_list":["post-63","page","type-page","status-publish"],"jetpack_sharing_enabled":true,"_links":{"self":[{"href":"https:\/\/yellotab.se\/planb\/wp-json\/wp\/v2\/pages\/63","targetHints":{"allow":["GET"]}}],"collection":[{"href":"https:\/\/yellotab.se\/planb\/wp-json\/wp\/v2\/pages"}],"about":[{"href":"https:\/\/yellotab.se\/planb\/wp-json\/wp\/v2\/types\/page"}],"author":[{"embeddable":true,"href":"https:\/\/yellotab.se\/planb\/wp-json\/wp\/v2\/users\/3"}],"replies":[{"embeddable":true,"href":"https:\/\/yellotab.se\/planb\/wp-json\/wp\/v2\/comments?post=63"}],"version-history":[{"count":1,"href":"https:\/\/yellotab.se\/planb\/wp-json\/wp\/v2\/pages\/63\/revisions"}],"predecessor-version":[{"id":64,"href":"https:\/\/yellotab.se\/planb\/wp-json\/wp\/v2\/pages\/63\/revisions\/64"}],"wp:attachment":[{"href":"https:\/\/yellotab.se\/planb\/wp-json\/wp\/v2\/media?parent=63"}],"curies":[{"name":"wp","href":"https:\/\/api.w.org\/{rel}","templated":true}]}}