{"id":19,"date":"2018-05-15T16:38:02","date_gmt":"2018-05-15T14:38:02","guid":{"rendered":"http:\/\/yellotab.se\/x051\/?page_id=19"},"modified":"2018-08-30T09:44:25","modified_gmt":"2018-08-30T07:44:25","slug":"medlemskap","status":"publish","type":"page","link":"https:\/\/yellotab.se\/x051\/medlemskap\/","title":{"rendered":"Medlemskap"},"content":{"rendered":"<p>F\u00f6r att f\u00e5 tillg\u00e5ng till v\u00e5rat n\u00e4tverk av laddstationer beh\u00f6ver du vara medlem. Medlemskapet \u00e4r tillsvidare frivilligt och du kan donera valfritt belopp.<\/p>\n<p>Som medlem f\u00e5r du en adapter s\u00e5 att du kan ladda din specifika cykel.<\/p>\n","protected":false},"excerpt":{"rendered":"<p>F\u00f6r att f\u00e5 tillg\u00e5ng till v\u00e5rat n\u00e4tverk av laddstationer beh\u00f6ver du vara medlem. Medlemskapet \u00e4r tillsvidare frivilligt och du kan donera valfritt belopp. Som medlem f\u00e5r du en adapter s\u00e5 att du kan ladda din specifika cykel.<\/p>\n","protected":false},"author":4,"featured_media":0,"parent":0,"menu_order":0,"comment_status":"closed","ping_status":"closed","template":"page.php","meta":{"footnotes":""},"class_list":["post-19","page","type-page","status-publish","hentry"],"_links":{"self":[{"href":"https:\/\/yellotab.se\/x051\/wp-json\/wp\/v2\/pages\/19","targetHints":{"allow":["GET"]}}],"collection":[{"href":"https:\/\/yellotab.se\/x051\/wp-json\/wp\/v2\/pages"}],"about":[{"href":"https:\/\/yellotab.se\/x051\/wp-json\/wp\/v2\/types\/page"}],"author":[{"embeddable":true,"href":"https:\/\/yellotab.se\/x051\/wp-json\/wp\/v2\/users\/4"}],"replies":[{"embeddable":true,"href":"https:\/\/yellotab.se\/x051\/wp-json\/wp\/v2\/comments?post=19"}],"version-history":[{"count":3,"href":"https:\/\/yellotab.se\/x051\/wp-json\/wp\/v2\/pages\/19\/revisions"}],"predecessor-version":[{"id":109,"href":"https:\/\/yellotab.se\/x051\/wp-json\/wp\/v2\/pages\/19\/revisions\/109"}],"wp:attachment":[{"href":"https:\/\/yellotab.se\/x051\/wp-json\/wp\/v2\/media?parent=19"}],"curies":[{"name":"wp","href":"https:\/\/api.w.org\/{rel}","templated":true}]}}