{"id":256,"date":"2019-03-01T18:03:12","date_gmt":"2019-03-01T17:03:12","guid":{"rendered":"http:\/\/yellotab.se\/x053\/?page_id=256"},"modified":"2019-12-03T12:17:07","modified_gmt":"2019-12-03T11:17:07","slug":"system-design","status":"publish","type":"page","link":"https:\/\/yellotab.se\/x053\/system-design\/","title":{"rendered":"System Design"},"content":{"rendered":"<h2>En klimatcykel<\/h2>\n<p><i>En klimatcykel\u00a0designad f\u00f6r att skapa arbetstillf\u00e4llen lokalt och tillgodose brukarens \u00f6nskem\u00e5l i f\u00f6rsta hand. Anv\u00e4nda en logik anpassad f\u00f6r cirkul\u00e4r ekonomi f\u00f6r att kunna bygga en h\u00e5llbar aff\u00e4rsmodell kring ett f\u00f6rnyelsebart energisystem baserat p\u00e5 f\u00f6rnyelsebara\u00a0energik\u00e4llor som solenergi.\u00a0<\/i><em>F\u00f6r att veta vad som fungerar och vad som ute fungerar, har vi valt att ta fram en referensmodell f\u00f6r Klimatcykel. Alla delar kommer unders\u00f6kas och kan j\u00e4mf\u00f6ras med andra liknande produkter avseende livsl\u00e4ngd och kvalitet<\/em><\/p>\n<h2>H\u00e5llbar design<\/h2>\n<ul>\n<li>\n<h3>Underh\u00e5llsbar<\/h3>\n<p>\u2013 <a href=\"https:\/\/circulatenews.org\/2017\/12\/circular-electronic-product-must-three-features\/?fbclid=IwAR003QyJy1x3a3CxwXk_aumNkAwHqY7ZPMSlAok_2yoZHMTs0AemX5Q3R_Y\">Design for Maintenance and repair<\/a> ( Ellen MacArthur Foundation)<br \/>\n\u2013 <a href=\"https:\/\/kiube.se\/i027\/design-filosofi\/asset-management\/\">Asset management ISO 55 000<\/a><\/li>\n<li>\n<h3>Uthyrningsbar<\/h3>\n<p>\u2013 <a href=\"https:\/\/cities.donkey.bike\/\">Donkey Republic:\u00a0principles for a sustainable bike share<\/a><br \/>\n\u2013 <a href=\"https:\/\/pironex-portal.de\/\">Pironex bike sharing<\/a><\/li>\n<li>\n<h3>Utbildningsbar<\/h3>\n<p>\u2013 Utbildnings material ( anpassat f\u00f6r digitalt l\u00e4rande och MOOC)<br \/>\n\u2013 Dokumentation (manualer),\u00a0Reservdelskatalog och e-handel online<\/li>\n<li>\n<h3>Laddningsbar med f\u00f6rnyelsebar energi<\/h3>\n<p>\u2013 Baserad p\u00e5 \u00f6ppen laddningsstandard <a href=\"https:\/\/solarxbike.se\/?p=244\">solarXbike<\/a><\/li>\n<\/ul>\n<p>K\u00e4lla: <a href=\"https:\/\/kiube.se\/i027\/\">Design Specifikation klimatcykel<\/a><\/p>\n","protected":false},"excerpt":{"rendered":"<p>En klimatcykel En klimatcykel\u00a0designad f\u00f6r att skapa arbetstillf\u00e4llen lokalt och tillgodose brukarens \u00f6nskem\u00e5l i f\u00f6rsta hand. Anv\u00e4nda en logik anpassad f\u00f6r cirkul\u00e4r ekonomi f\u00f6r att kunna bygga en h\u00e5llbar aff\u00e4rsmodell kring ett f\u00f6rnyelsebart energisystem baserat p\u00e5 f\u00f6rnyelsebara\u00a0energik\u00e4llor som solenergi.\u00a0F\u00f6r att veta vad som fungerar och vad som ute fungerar, har vi valt att ta fram [&hellip;]<\/p>\n","protected":false},"author":4,"featured_media":0,"parent":0,"menu_order":0,"comment_status":"closed","ping_status":"closed","template":"","meta":{"footnotes":""},"class_list":["post-256","page","type-page","status-publish","hentry"],"_links":{"self":[{"href":"https:\/\/yellotab.se\/x053\/wp-json\/wp\/v2\/pages\/256","targetHints":{"allow":["GET"]}}],"collection":[{"href":"https:\/\/yellotab.se\/x053\/wp-json\/wp\/v2\/pages"}],"about":[{"href":"https:\/\/yellotab.se\/x053\/wp-json\/wp\/v2\/types\/page"}],"author":[{"embeddable":true,"href":"https:\/\/yellotab.se\/x053\/wp-json\/wp\/v2\/users\/4"}],"replies":[{"embeddable":true,"href":"https:\/\/yellotab.se\/x053\/wp-json\/wp\/v2\/comments?post=256"}],"version-history":[{"count":2,"href":"https:\/\/yellotab.se\/x053\/wp-json\/wp\/v2\/pages\/256\/revisions"}],"predecessor-version":[{"id":411,"href":"https:\/\/yellotab.se\/x053\/wp-json\/wp\/v2\/pages\/256\/revisions\/411"}],"wp:attachment":[{"href":"https:\/\/yellotab.se\/x053\/wp-json\/wp\/v2\/media?parent=256"}],"curies":[{"name":"wp","href":"https:\/\/api.w.org\/{rel}","templated":true}]}}