{"id":2330,"date":"2017-10-13T11:17:25","date_gmt":"2017-10-13T09:17:25","guid":{"rendered":"http:\/\/yellotab.se\/x061\/?page_id=2330"},"modified":"2017-10-13T11:18:28","modified_gmt":"2017-10-13T09:18:28","slug":"connect","status":"publish","type":"page","link":"https:\/\/yellotab.se\/x061\/connect\/","title":{"rendered":"Connect"},"content":{"rendered":"<p>Denna produkt \u00e4r f\u00f6rberedd f\u00f6r att anslutas till p\u00e5 distans f\u00f6r programupdateringar och \u00a0fels\u00f6kning.<\/p>\n<p>F\u00f6r att det ska kunna g\u00f6ras p\u00e5 ett s\u00e4kert s\u00e4tt kr\u00e4vs vissa f\u00f6ruts\u00e4ttningar.<\/p>\n<ul>\n<li>S\u00e4ker internet anslutning (krypterad)<\/li>\n<li>Cykelgenerator ansluten till aktivt tr\u00e5dl\u00f6st n\u00e4tverk<\/li>\n<li>L\u00f6senordshantering<\/li>\n<li>S\u00e4kert kommunikationsprotokoll<\/li>\n<\/ul>\n","protected":false},"excerpt":{"rendered":"<p>Denna produkt \u00e4r f\u00f6rberedd f\u00f6r att anslutas till p\u00e5 distans f\u00f6r programupdateringar och \u00a0fels\u00f6kning. F\u00f6r att det ska kunna g\u00f6ras p\u00e5 ett s\u00e4kert s\u00e4tt kr\u00e4vs vissa f\u00f6ruts\u00e4ttningar. S\u00e4ker internet anslutning (krypterad) Cykelgenerator ansluten till aktivt tr\u00e5dl\u00f6st n\u00e4tverk L\u00f6senordshantering S\u00e4kert kommunikationsprotokoll<\/p>\n","protected":false},"author":4,"featured_media":0,"parent":0,"menu_order":0,"comment_status":"closed","ping_status":"closed","template":"","meta":{"jetpack_post_was_ever_published":false,"footnotes":""},"class_list":["post-2330","page","type-page","status-publish","hentry"],"jetpack_shortlink":"https:\/\/wp.me\/Pf06jU-BA","jetpack_sharing_enabled":true,"_links":{"self":[{"href":"https:\/\/yellotab.se\/x061\/wp-json\/wp\/v2\/pages\/2330","targetHints":{"allow":["GET"]}}],"collection":[{"href":"https:\/\/yellotab.se\/x061\/wp-json\/wp\/v2\/pages"}],"about":[{"href":"https:\/\/yellotab.se\/x061\/wp-json\/wp\/v2\/types\/page"}],"author":[{"embeddable":true,"href":"https:\/\/yellotab.se\/x061\/wp-json\/wp\/v2\/users\/4"}],"replies":[{"embeddable":true,"href":"https:\/\/yellotab.se\/x061\/wp-json\/wp\/v2\/comments?post=2330"}],"version-history":[{"count":3,"href":"https:\/\/yellotab.se\/x061\/wp-json\/wp\/v2\/pages\/2330\/revisions"}],"predecessor-version":[{"id":2333,"href":"https:\/\/yellotab.se\/x061\/wp-json\/wp\/v2\/pages\/2330\/revisions\/2333"}],"wp:attachment":[{"href":"https:\/\/yellotab.se\/x061\/wp-json\/wp\/v2\/media?parent=2330"}],"curies":[{"name":"wp","href":"https:\/\/api.w.org\/{rel}","templated":true}]}}