{"id":196,"date":"2016-06-12T15:14:29","date_gmt":"2016-06-12T13:14:29","guid":{"rendered":"http:\/\/yellotab.se\/zon0\/?page_id=196"},"modified":"2016-06-12T15:15:03","modified_gmt":"2016-06-12T13:15:03","slug":"ansvar","status":"publish","type":"page","link":"https:\/\/yellotab.se\/zon0\/ansvar\/","title":{"rendered":"frihet under Ansvar"},"content":{"rendered":"<p><strong>Personligt ansvar<\/strong><\/p>\n<ul>\n<li>sk\u00f6ta cykel enligt anvisningar<\/li>\n<li>Rapportera st\u00f6rningar<\/li>\n<li>Skydda mot st\u00f6ld och \u00e5verkan<\/li>\n<\/ul>\n<p><strong>Organisationen<\/strong><\/p>\n<ul>\n<li>Samla in &#8211; dokumentera &#8211; sammanst\u00e4lla behov \/statstik<\/li>\n<li>S\u00e4lja cykelr\u00e4tter<\/li>\n<li>Ordna provcykling<\/li>\n<li>Knyta avtal med lokala service partner<\/li>\n<\/ul>\n<p><strong>Design Greenhouse<\/strong><\/p>\n<ul>\n<li>Leverera cyklar och tillbeh\u00f6r<\/li>\n<li>Service och besiktning<\/li>\n<li>Reparation<\/li>\n<li>Avjvikelsehantering och utveckling<\/li>\n<li>Dokumentation<\/li>\n<\/ul>\n<p><strong>Service Partner<\/strong><\/p>\n<ul>\n<li>Leverans service<\/li>\n<li>Service<\/li>\n<li>Reparationer<\/li>\n<\/ul>\n<p><strong>Jidoka Innovation AB<\/strong><br \/>\n<em>Juridisk person<\/em><\/p>\n","protected":false},"excerpt":{"rendered":"<p>Personligt ansvar sk\u00f6ta cykel enligt anvisningar Rapportera st\u00f6rningar Skydda mot st\u00f6ld och \u00e5verkan Organisationen Samla in &#8211; dokumentera &#8211; sammanst\u00e4lla behov \/statstik S\u00e4lja cykelr\u00e4tter Ordna provcykling Knyta avtal med lokala service partner Design Greenhouse Leverera cyklar och tillbeh\u00f6r Service och besiktning Reparation Avjvikelsehantering och utveckling Dokumentation Service Partner Leverans service Service Reparationer Jidoka Innovation AB &#8230; <a title=\"frihet under Ansvar\" class=\"read-more\" href=\"https:\/\/yellotab.se\/zon0\/ansvar\/\" aria-label=\"L\u00e4s mer om frihet under Ansvar\">L\u00e4s mer<\/a><\/p>\n","protected":false},"author":4,"featured_media":0,"parent":0,"menu_order":0,"comment_status":"closed","ping_status":"closed","template":"page.php","meta":{"jetpack_post_was_ever_published":false,"footnotes":""},"class_list":["post-196","page","type-page","status-publish"],"jetpack_sharing_enabled":true,"jetpack_shortlink":"https:\/\/wp.me\/P7tuKe-3a","jetpack-related-posts":[],"_links":{"self":[{"href":"https:\/\/yellotab.se\/zon0\/wp-json\/wp\/v2\/pages\/196","targetHints":{"allow":["GET"]}}],"collection":[{"href":"https:\/\/yellotab.se\/zon0\/wp-json\/wp\/v2\/pages"}],"about":[{"href":"https:\/\/yellotab.se\/zon0\/wp-json\/wp\/v2\/types\/page"}],"author":[{"embeddable":true,"href":"https:\/\/yellotab.se\/zon0\/wp-json\/wp\/v2\/users\/4"}],"replies":[{"embeddable":true,"href":"https:\/\/yellotab.se\/zon0\/wp-json\/wp\/v2\/comments?post=196"}],"version-history":[{"count":2,"href":"https:\/\/yellotab.se\/zon0\/wp-json\/wp\/v2\/pages\/196\/revisions"}],"predecessor-version":[{"id":198,"href":"https:\/\/yellotab.se\/zon0\/wp-json\/wp\/v2\/pages\/196\/revisions\/198"}],"wp:attachment":[{"href":"https:\/\/yellotab.se\/zon0\/wp-json\/wp\/v2\/media?parent=196"}],"curies":[{"name":"wp","href":"https:\/\/api.w.org\/{rel}","templated":true}]}}