{"id":337,"date":"2016-11-22T12:18:29","date_gmt":"2016-11-22T11:18:29","guid":{"rendered":"http:\/\/yellotab.se\/zon0\/?page_id=337"},"modified":"2016-11-22T12:36:58","modified_gmt":"2016-11-22T11:36:58","slug":"data-och-informations-policy","status":"publish","type":"page","link":"https:\/\/yellotab.se\/zon0\/data-och-informations-policy\/","title":{"rendered":"Data och informations policy"},"content":{"rendered":"<p><strong>Ditt f\u00f6rtroende<\/strong> betyder allt, d\u00e4rf\u00f6r vill vi vara \u00f6ppna med hur vi hanterar din privata information och hur vi anv\u00e4nder den. \u00a0Delat ansvar inneb\u00e4r en viss del av<strong> transparens<\/strong>. Vilket i sin tur betyder en viss <strong>f\u00f6rst\u00e5else<\/strong> och acceptans f\u00f6r att hantera saker som inte riktigt uppfyller alla krav.<\/p>\n<p>F\u00f6r oss \u00e4r det viktigt att hela tiden f\u00f6rb\u00e4ttra det vi g\u00f6r och hur vi g\u00f6r saker. Det inneb\u00e4r att vi m\u00e5ste till\u00e5ta oss att analysera och ifr\u00e5ga s\u00e4tta det vi g\u00f6r utifr\u00e5n ny kunskap. <strong>Ett l\u00e5ngsiktigt l\u00e4rande<\/strong>.<\/p>\n<h2>HoneyGood<\/h2>\n<p>Vi kallar v\u00e5r plats d\u00e4r vi hanterar data f\u00f6r HoneyGood<\/p>\n<p>Vi anv\u00e4nder Google f\u00f6r att lagra och hantera s\u00e4kerhet kring v\u00e5r data. Viss del ligger i <a href=\"https:\/\/drive.google.com\/drive\/u\/1\/folders\/0B_A9H8iRi1kXLUZOalQtRjZvZmM?usp=drive_web\">Google drive<\/a>, och annan anv\u00e4nder vi oss av tj\u00e4nster i Google Cloud.<\/p>\n<p>&nbsp;<\/p>\n","protected":false},"excerpt":{"rendered":"<p>Ditt f\u00f6rtroende betyder allt, d\u00e4rf\u00f6r vill vi vara \u00f6ppna med hur vi hanterar din privata information och hur vi anv\u00e4nder den. \u00a0Delat ansvar inneb\u00e4r en viss del av transparens. Vilket i sin tur betyder en viss f\u00f6rst\u00e5else och acceptans f\u00f6r att hantera saker som inte riktigt uppfyller alla krav. F\u00f6r oss \u00e4r det viktigt att &#8230; <a title=\"Data och informations policy\" class=\"read-more\" href=\"https:\/\/yellotab.se\/zon0\/data-och-informations-policy\/\" aria-label=\"L\u00e4s mer om Data och informations policy\">L\u00e4s mer<\/a><\/p>\n","protected":false},"author":4,"featured_media":0,"parent":0,"menu_order":0,"comment_status":"closed","ping_status":"closed","template":"page.php","meta":{"jetpack_post_was_ever_published":false,"footnotes":""},"class_list":["post-337","page","type-page","status-publish"],"jetpack_sharing_enabled":true,"jetpack_shortlink":"https:\/\/wp.me\/P7tuKe-5r","jetpack-related-posts":[],"_links":{"self":[{"href":"https:\/\/yellotab.se\/zon0\/wp-json\/wp\/v2\/pages\/337","targetHints":{"allow":["GET"]}}],"collection":[{"href":"https:\/\/yellotab.se\/zon0\/wp-json\/wp\/v2\/pages"}],"about":[{"href":"https:\/\/yellotab.se\/zon0\/wp-json\/wp\/v2\/types\/page"}],"author":[{"embeddable":true,"href":"https:\/\/yellotab.se\/zon0\/wp-json\/wp\/v2\/users\/4"}],"replies":[{"embeddable":true,"href":"https:\/\/yellotab.se\/zon0\/wp-json\/wp\/v2\/comments?post=337"}],"version-history":[{"count":3,"href":"https:\/\/yellotab.se\/zon0\/wp-json\/wp\/v2\/pages\/337\/revisions"}],"predecessor-version":[{"id":340,"href":"https:\/\/yellotab.se\/zon0\/wp-json\/wp\/v2\/pages\/337\/revisions\/340"}],"wp:attachment":[{"href":"https:\/\/yellotab.se\/zon0\/wp-json\/wp\/v2\/media?parent=337"}],"curies":[{"name":"wp","href":"https:\/\/api.w.org\/{rel}","templated":true}]}}